g - 93. Is w(-32) composite?
True
Let z(o) = 962*o + 100. Let f(j) = j - 2. Let l(k) = -5*f(k) - z(k). Is l(-11) prime?
False
Suppose 8 = -4*w - 5*s, 2*w + 2 = -3*s - 2. Is (w/5)/(12/(-728430)) composite?
False
Suppose p - 24 = 5*p, 406465 = u - 2*p. Is u a prime number?
False
Let l(o) = 437*o**2 + 89*o + 643. Is l(-7) composite?
False
Let i be (0 - -1)*(-14)/7. Is i - 89079/(-6) - (-21)/(-14) composite?
False
Suppose -66*u = 12*u - 96802047 + 25005933. Is u a prime number?
False
Let f = -74424 - -195907. Is f composite?
True
Suppose -2*u + 25 = 4*x + 3*u, -3*u + 15 = 2*x. Suppose -3*s + 2*t = 6*t - 2940, x = -t + 3. Let p = -685 + s. Is p a composite number?
True
Let v = -10 - -10. Let w be (-2)/9 + v + 322/(-9). Let h = w - -39. Is h prime?
True
Let y(g) = 5*g - 26. Let u be y(7). Suppose -u*o = o - 10400. Let z = 1999 - o. Is z a composite number?
True
Let p = -300 - 1214. Let t be (p/(-5) + 4)*-25. Is t/(-8) + (-6)/(-24) a composite number?
True
Suppose 2*r - 36 = -r. Suppose -i - 4*i - 5*x = -230, -2*i + 3*x + 77 = 0. Is i*(1/(4/r) + -2) a prime number?
True
Is (-620148)/30*(-90)/36 composite?
False
Let t(o) = 4609*o**3 - 2*o**2 + 450*o - 2236. Is t(5) prime?
True
Suppose 4*u - 8*u - 4*c = -1987180, 3*u = c + 1490361. Is u prime?
True
Is (-711)/12*(-4)/(-3)*-23 a composite number?
True
Let y = 1325650 - 612948. Is y composite?
True
Is 4/(-1)*(-1109461)/332 prime?
True
Let d(j) = 1 - 8 + 62*j**2 - 2*j**2 + 25*j**2 - 6*j. Is d(4) composite?
True
Let i be (3 - 10)*(-7)/(147/90). Let l = i - -76. Suppose -l = 15*x - 13711. Is x composite?
False
Let c = -29 + 24. Let a(s) = -382007*s**2 + 1954*s + 1954. Let p(i) = -977*i**2 + 5*i + 5. Let g(m) = c*a(m) + 1954*p(m). Is g(-1) prime?
True
Let y(u) = u**2 + 7*u + 26. Let g be y(-5). Is 32996/g - (18/(-24) - -1) composite?
True
Let m = 549479 - 382698. Is m a prime number?
True
Let g(k) = -27 + 1697*k + 14 + 8 + 1379*k. Is g(1) prime?
False
Suppose -13*v + 24 = -28. Suppose 7*h + 8764 = 10*h + 2*z, z = -v*h + 11677. Is h a prime number?
False
Is (-18 + 3625/(-25))*-787 prime?
False
Is 8 - ((-2)/23 - (-35824310)/(-874)) prime?
False
Suppose -x + 4*i = 8971, 4*x + i + i = -35902. Let k = -5166 - x. Is k prime?
False
Let n(d) = 8992*d**2 - 163*d - 844. Is n(-5) composite?
False
Let q(i) = -9*i - 9615. Let n be q(0). Let f = n - -14996. Is f a composite number?
False
Let u be ((-2)/(-3))/((-4)/36). Let v be (-4723)/u - 13/78. Let n = 1158 - v. Is n composite?
True
Suppose 0 = -3*k + 59 + 55. Suppose -k*q + 35 = -33*q. Suppose 11*t = q*t + 4244. Is t prime?
True
Let v(a) = -47895*a + 31415. Let p(o) = -311*o + 204. Let s(d) = -309*p(d) + 2*v(d). Let y(c) = -c + 1. Let z(b) = s(b) + 206*y(b). Is z(1) a prime number?
True
Let z = -116 - 958. Let q = z + 3200. Is q a prime number?
False
Let t = -519652 + 797405. Is t prime?
False
Let v(r) be the first derivative of -1/4*r**4 - 1/2*r**2 + 12 + 2*r + 7/3*r**3. Is v(-5) composite?
False
Let w(d) = 100*d**3 - 8*d**2 - 94*d + 73. Is w(10) prime?
False
Suppose 54*p - 168938 = -33992. Suppose -2*t = -5*t + 6. Suppose 5*x - p = -3*v - 433, -5*x + t*v + 2081 = 0. Is x a prime number?
False
Suppose -3*k + 8231005 = 30*k - 16875626. Is k a prime number?
True
Let f(x) be the second derivative of x**5/20 - 11*x**4/12 + 10*x**3/3 - 11*x**2 - 20*x. Let r be f(9). Is 3701 + r - -3 - 3 a composite number?
False
Let c be (1/2)/((-3)/(-6)). Let v be (0/c)/(-2)*-1. Suppose v*l = 8*l - 11512. Is l a prime number?
True
Let l(j) = 6*j + 63. Let k be l(-4). Let h(f) = f**2 + 23*f - 127. Is h(k) composite?
True
Suppose -114*r + 48*r = -1013892. Is r composite?
True
Let a(g) = g**3 + 5*g**2 + 159*g - 19. Is a(16) a prime number?
True
Suppose -47486 + 210501 = 2*r - n, -5*r = -5*n - 407520. Is r prime?
False
Suppose 211*f + 10 = 216*f. Suppose 2*j - f*c = 7056, -9*j + 2*c + 10579 = -6*j. Is j composite?
True
Suppose 5*w + 204 = -3*l + 5*l, -382 = -4*l - 3*w. Suppose -98*j - 4 = -l*j. Is (-1 + 2)*j*678/(-8) prime?
False
Suppose 7*k - 344890 = 653912. Suppose -k = -3*r - 40482. Is 1*(r/28 - (-2)/7) a composite number?
False
Let g be 696/145*10/(-3). Let m(u) = -42*u + 1. Is m(g) a prime number?
True
Suppose l - 7*l - 90 = 0. Let q be 9/3*(-10)/l. Let y(m) = 14*m**2 - 4*m - 1. Is y(q) a prime number?
True
Let l be (3 - -68761)*(-1)/(-20)*5. Let f = 29714 - l. Is f a prime number?
False
Let p = -414 + 354. Is 1 + 2/10 + (-33348)/p a composite number?
False
Let p = -456888 - -1139809. Is p prime?
False
Let k = 410717 - -24066. Is k prime?
True
Let t = 7812 - 1391. Is t a prime number?
True
Let v(y) be the first derivative of 5*y**4/12 - 2*y**3/3 - y**2 + 19*y + 29. Let z(i) be the first derivative of v(i). Is z(-5) a prime number?
False
Let b(w) = 172*w**2 + 7*w - 11. Let a(x) = 7*x - 19. Let h be a(3). Is b(h) a prime number?
True
Suppose 0*p + 50*p - 16826650 = 0. Is p a prime number?
True
Let t(j) = 2*j**3 + 137*j**2 + 125*j + 5. Is t(-59) composite?
True
Suppose -71*m = -78*m + 20465 + 72572. Is m a prime number?
True
Let y = -3608 - 2727. Let u = 576 - y. Is u composite?
False
Suppose 105*k + 1947290 = 130*k - 2325735. Is k prime?
True
Let l(r) be the third derivative of -16*r**4/3 + 17*r**3/6 + 2*r**2. Suppose 5*d + 4*i = -26, 3*d - 2*i + 173 = 153. Is l(d) composite?
True
Let h(g) be the first derivative of 19*g**3 + g**2/2 - 3*g - 15. Let i be h(-2). Suppose 0 = z, y - z = -5*z + i. Is y composite?
False
Suppose -102*j - 7338308 + 20598365 = -37663749. Is j prime?
True
Is 139*83416/88 + (-12)/33 prime?
True
Let n = -5432704 - -10853343. Is n composite?
True
Let c(b) = -42 + b**2 + 96*b - 150*b - 23. Is c(-28) a composite number?
True
Suppose 58 = 5*k + 158. Is 23600/(k/(-4)) + -3 a composite number?
True
Suppose 517486 = 34*h - 592512. Is h a prime number?
True
Let m(t) = -5838*t**3 + 5*t + 6. Is m(-1) a prime number?
True
Is (21 - (-14295500)/(-175))*-7 prime?
True
Suppose 26*v = 41*v - 90. Let i(k) = 12*k**3 - 6*k**2 + 7*k - 7. Is i(v) a prime number?
True
Suppose 8*r - 32*r = 384. Let i(z) = -508*z - 105. Is i(r) a composite number?
True
Let x(j) be the first derivative of 4*j - 7 - 20*j**2 + 14*j + 28 + 19*j**2. Is x(4) a composite number?
True
Let i be -25*12/(-15)*354/4. Suppose -3*c = -8*c + i. Let a = 532 - c. Is a a prime number?
False
Let u(w) = 10866*w**2 - 383*w + 45. Is u(6) a prime number?
False
Let c(o) = 70*o**3 + 59*o**2 - 1169*o + 43. Is c(17) a prime number?
False
Is (-1346605)/(-35) - (-81)/(-189) prime?
False
Is (-15)/((-600)/16) + (-11)/(110/(-7015666)) composite?
True
Let o = 8 + -7. Let g(y) = -y + 0*y - o + 2*y + 2 + 105*y**2. Is g(-2) prime?
True
Suppose -2*g - 5*k + 1552667 = 0, 7*g - 2*g + 5*k - 3881690 = 0. Is g a composite number?
True
Let w be (-3 + -1 - 67)*(-6)/2. Let x = w - 72. Is x composite?
True
Let c = -68 + 68. Suppose -2*o + 262 + 24 = c. Is o a prime number?
False
Suppose -2*h - 15*r + 19*r = -194614, -20 = 4*r. Is h prime?
False
Suppose -6*n = -7 + 1. Let i(v) be the third derivative of 89*v**5/6 + v**4/12 - v**3/2 - 21*v**2. Is i(n) a composite number?
True
Suppose 3*a + 13 = -4*l + 30, 4*l = 4*a - 4. Suppose 5*w = 3*z - 2062, -9*z + 11*z = -a*w + 1343. Is z a composite number?
True
Let l(k) = -k**3 - 17*k**2 - 34*k - 21. Let u(r) = -r**2 + 5*r - 23. Let f be u(-6). Let m = f + 72. Is l(m) prime?
True
Suppose -5619*o + 5626*o - 395185 + 42672 = 0. Is o a prime number?
True
Suppose 0 = 17*q - 10*q - 22729. Is q composite?
True
Let c be -4 + (-1)/(3/87). Let n = c + 47. Suppose -w - n = 4*l - 211, 3*w - 536 = -l. Is w prime?
False
Let m = -43 + 45. Suppose m*p - 4149 = -r, -5*p + r + 10368 = -r. Suppose 666 + p = 4*v. Is v a prime number?
False
Suppose -y - 22*y - 223758 = -921095. Is y a prime number?
True
Let l = 57 - 50. Suppose 3*o - 4*v - 25406 = 0, 0 = l*o - 3*o + 5*v - 33916. Suppose -o = -14*u - 676. Is u a prime number?
True
Let v = 379626 + -247667. Is v a composite number?
False
Let p(x) = 71*x**3 - 4*x**2 - 44*x - 5. Let w be 90/10 - 9/3. Is p(w) composite?
False
Let s(d) = 3716*d**2 - 60*d + 875. Is s(8) a prime number?
False
Let r(k) = -9*k - 16. Let u be r(1). Is ((-92)/60 + (-30)/u)*-16869 a composite number?
False
Let k(o) = -313*o**3 - 7*o**2 - 3*o - 5. Let b be (-42)/12 + (-2)/((-4)/3). Is k(b) a composite number?
